f y and 33810.
138
Let m(s) = 33*s**2 - 2*s + 2. Let l be m(1). Suppose -28*k - 325 = -l*k. Let r = k + -55. What is the highest common factor of r and 80?
10
Let b(s) = -16*s - 659. Let f be b(-74). Calculate the greatest common divisor of f and 2275.
175
Let f(s) = 8*s**2 + 4*s + 4. Let n be f(-9). What is the greatest common factor of n and 440?
88
Let n(t) = 32*t + 1021. Let d be n(-4). Calculate the greatest common factor of 94 and d.
47
Suppose 10*d + 2784 = 13*d. Suppose 9*r + d = r. Let k = r + 170. What is the greatest common factor of k and 6?
6
Suppose -2884 = -15*r - 704 + 14245. What is the greatest common factor of 584 and r?
73
Let i = -4476 + 4485. What is the greatest common factor of i and 1017?
9
Suppose -u - 452 = -67*b + 71*b, -5*b - 2275 = 5*u. Let o = u - -483. What is the greatest common factor of o and 108?
27
Suppose -134*d = 143*d - 101*d - 32032. Calculate the greatest common factor of 98 and d.
14
Let w be (-171639)/(-36) + 2/8. What is the highest common divisor of 160 and w?
32
Let x = -1 + 24. Suppose -2*y = b - x, y - b - 10 + 3 = 0. Let u = 75 + 15. Calculate the greatest common divisor of u and y.
10
Let n(y) = -33*y + 1086. Let d be n(32). What is the greatest common factor of 246 and d?
6
Let q = 8891 - 6085. What is the greatest common factor of q and 598?
46
Let u be ((-3979)/368 - -11)*48. What is the highest common factor of u and 10917?
9
Suppose -15155 = -88*l + 48733. Calculate the greatest common factor of l and 528.
66
Let l = -11175 - -11255. Suppose 0*p + 4*p = 16. What is the highest common factor of p and l?
4
Suppose -5*w + 3562 = 3*t, -w + 691 = 4*t - 18. What is the greatest common factor of 155 and w?
31
Suppose 985 = -43*k - 58*k + 41890. Calculate the greatest common factor of 55 and k.
5
Let o be ((-11)/4 - -2)/(25/(-200900)*7). What is the greatest common divisor of 6519 and o?
123
Let v = 9195 + -4139. What is the greatest common divisor of v and 237?
79
Let k be ((-10)/30)/((-1)/(-3))*-45. Let x be ((-9)/(k/10))/((-2)/9). What is the highest common factor of 3 and x?
3
Suppose -f - 2*b + 20 = 0, 5*f = -0*f - b + 55. Suppose p + 252 = f*p. Let t be (-3 - (-19 + 5)) + 3. What is the greatest common factor of p and t?
14
Let j(b) = -b**3 + 2*b**2 - 2*b - 2. Suppose 0*h = -3*h - 6. Let m be j(h). Calculate the greatest common divisor of 27 and m.
9
Let w(n) = n + 6*n + 35*n**2 + 4 - 7*n + 3*n. Let f be w(2). Let y(q) = 4*q + 3. Let p be y(3). What is the highest common divisor of p and f?
15
Suppose -30*l + 2*l = 37*l - 2730. Suppose -5 = 4*y - 21, -3*y = -3*k - 63. Let p = -3 - k. Calculate the greatest common factor of l and p.
14
Suppose 5*x - 28711 = -4*k + 49707, -3*k + 15699 = x. What is the highest common divisor of x and 36?
18
Let i be 49/14*12/14. Suppose 5*t - i*t - 180 = 0. Suppose 0*g = -15*g + t. Calculate the highest common divisor of g and 9.
3
Let n be (214 - 201)/(857/(-429) - -2). What is the highest common factor of n and 52?
13
Let z(b) = -12*b + 3 - 1 + 21 - 6 + 5*b**2 - 5. Let v be z(1). What is the highest common factor of 10 and v?
5
Let p = 17444 + -2232. What is the highest common divisor of 4 and p?
4
Suppose -3*i + 3266 + 6980 = 5*o, 3*i + 4111 = 2*o. What is the highest common factor of o and 7?
7
Let w = 3849 + -3745. What is the highest common divisor of 390 and w?
26
Let x be (-4)/22 + (-4*4 - 1256262/(-462)). What is the highest common divisor of 6 and x?
3
Let a = -175 + 184. Suppose 0 = 2*s - 33 + a. Calculate the greatest common factor of 4 and s.
4
Let r = -21189 - -21198. What is the highest common divisor of 237 and r?
3
Let n be 6/16 - (5 - 6 - (-433662)/(-48)). Calculate the greatest common divisor of n and 36.
36
Let m be 7/(4/42 + 200/(-336)). Let i be (-176)/(m - -6) + 7. What is the greatest common factor of 667 and i?
29
Let j be (-13047)/24 + 9/(-24). Let u = 548 + j. Calculate the greatest common factor of 5 and u.
1
Let r(l) be the third derivative of -7*l**4/24 + 10*l**3 - 24*l**2 - 3. Let p be r(0). Calculate the greatest common factor of 380 and p.
20
Let h(p) = 2*p - 19. Let x be h(14). Let z be ((-12)/8 - -2) + (-57)/(-6). Suppose z*d = -24 + 294. What is the highest common divisor of d and x?
9
Suppose -23*i - 14*i = -6*i - 126108. What is the greatest common factor of 27 and i?
9
Let n(v) be the first derivative of 3*v**2 - 54*v + 20. Let l be n(10). What is the greatest common factor of l and 54?
6
Let i = 21 - 42. Suppose 0*t - 3*t + 525 = 0. Let m = i + t. What is the highest common factor of m and 14?
14
Let g(i) = 4*i**2 + 60*i + 67. Let u be g(-23). Let h(n) = -5*n + 36. Let t be h(5). Calculate the highest common divisor of t and u.
11
Let c(a) = 2 + 2*a**2 + 6*a + 2*a + 0*a. Let b be 318/(-78) + 12/(-13) + 1. Let l be c(b). Calculate the greatest common divisor of l and 16.
2
Let c be 292/20 + -1 + 6/(-10). Let w be c*-3*(0 - 5/3). What is the highest common divisor of w and 520?
65
Let y = 421 + -670. Let q = y + 408. Let m = -124 + q. What is the highest common factor of m and 7?
7
Let s(y) = y**2 + 14*y - 9. Let g be s(-15). Let o = 5 - g. Let c be -8*o/((-4)/(-48)). Calculate the highest common divisor of c and 12.
12
Suppose -1207 = -344*d + 4486 + 1875. Calculate the greatest common factor of 25058 and d.
22
Let u(t) = t**2 - 30*t - 1312. Let d be u(-25). Calculate the highest common factor of 77 and d.
7
Let u be (-4 - -16)*(56 - 32). Calculate the greatest common factor of u and 90.
18
Let c(m) = 95*m - 5991. Let t be c(99). What is the greatest common factor of t and 54?
6
Let g = 8 - 5. Suppose -24884*w + 644 = -24723*w. Calculate the highest common divisor of w and g.
1
Let o(m) = -m**3 - 19*m**2 - 92*m - 20. Let b be o(-11). Suppose -4*s + 5*h = -81, 5*s + 4*h - 67 = b. Calculate the highest common factor of 209 and s.
19
Let m be (-2)/(-4) + (-189)/(-2). Suppose 7*d - 22*d - 150 = 0. Let f be (15/d)/(9/(-228)). Calculate the highest common factor of f and m.
19
Suppose 5*h + 6 = 91. Suppose 0 = 2*i - h + 9. Suppose -2*s - i*n + 171 = 3*s, 3*n = 12. Calculate the highest common factor of s and 217.
31
Let s(n) = n**2 + 103*n + 841. Let q be s(-95). Calculate the highest common divisor of 702 and q.
27
Let u be 699/9 + (-3)/(-9). Let l = u - -41. Suppose 0*i - b = 2*i - 67, 5*b - l = -4*i. Calculate the highest common factor of 54 and i.
18
Let m(y) = 2*y**2 + 10*y - 6. Let d be m(-5). Let l be (3*7)/(d*(-1)/40). Calculate the greatest common factor of 60 and l.
20
Let f = 622 - 610. Suppose -81 = -c - 4*h, 2*c + 3*h + 381 = 6*c. Suppose -3*u = -f - c. What is the highest common factor of 7 and u?
7
Let h be 78/52*(-1 + 23). Let v be 1/1*3 - h. Let m = 228 + v. Calculate the greatest common divisor of m and 18.
18
Let w(f) = -38*f - 1056. Let r be w(-33). What is the greatest common divisor of 2475 and r?
99
Suppose 175*z - 22833 = 29142. Calculate the highest common factor of z and 11.
11
Suppose t = -5*o + 62, 793*t + 2*o = 796*t - 220. What is the greatest common divisor of t and 16?
8
Let a = -177 + 505. Calculate the highest common divisor of a and 192.
8
Let i be (-15)/(-35) - ((-9600)/(-21))/(-2). Suppose 27 = 16*q - i. Calculate the highest common factor of 44 and q.
4
Let p be 1725 - (-18 + (0 - -15)). Calculate the greatest common divisor of 128 and p.
64
Let n be (-60276)/52 - (-2)/13. Let y be n/(-171) + (-2)/(-9). Let c be 737/7 + (-2)/y. What is the highest common factor of 42 and c?
21
Suppose -2*n + 10 = -2. Suppose -2*x - 216 = -n*x. Calculate the greatest common divisor of x and 36.
18
Let h(i) = -6*i + 4. Let j be h(-4). Let v(x) = 23*x + 159. Let q be v(-6). What is the greatest common divisor of j and q?
7
Let m = 87 + -59. Suppose -50 = -6*w + m. Let x = w - 5. What is the greatest common factor of 8 and x?
8
Suppose -3*t + 4*s + 1230 = 0, -4*t + 177*s + 1671 = 182*s. Calculate the highest common divisor of t and 322.
46
Suppose 5381*t - 5342*t = 65832. What is the greatest common divisor of t and 1055?
211
Suppose 67*i = 24*i + 86. Let c(j) = 2*j - 4. Let p be c(4). Suppose y - 2 = -p*u + 71, i*u - 32 = 4*y. What is the highest common divisor of 27 and u?
9
Let k(o) be the first derivative of -o**3/3 + 31*o**2/2 - 125*o - 175. Let t be k(21). Calculate the greatest common factor of 34 a